r + 4. Determine m(j).
-5
Suppose -3*l + 2*l + 1 = 0. Let c(z) = 3*z + 1. What is c(l)?
4
Let j(k) = -4*k**2 + 6*k - 7. Let q(l) = l**2 - l + 1. Let x(b) = -j(b) - 5*q(b). Determine x(-2).
0
Let l be (3 - 3) + 1*3. Let v(z) = -l*z - 6 + 0 - 3*z - z**2. Calculate v(-6).
-6
Let x be 4/4 - (8 + -1). Let p(v) = v**3 + 6*v**2 + 2*v - 2. What is p(x)?
-14
Let b(i) be the third derivative of -i**6/120 + i**5/10 - i**4/3 + i**3 - 20*i**2. Give b(5).
-9
Let x be (-4)/(-18) + 76/(-18). Let w(d) = -d + 6. Let c be w(4). Let m(u) = -6 - 3*u - u + u**3 + 0*u**2 + 3*u**c. Determine m(x).
-6
Let h(b) = -b**3 - 5*b**2 - 7*b - 5. Let m be h(-4). Let x(j) = 0 + 2*j + m - 5. Give x(-3).
-4
Let a be 4/((1 - -3) + -2). Suppose 2 = -a*n + 10. Let f(b) = 5*b - n - 3*b**2 - b**3 + 2*b + 0*b - 3*b. What is f(-4)?
-4
Let l(y) = 3 - 2 - 9*y**2 - y + 10*y**2. Give l(0).
1
Let x(j) = -j - 1. Let n(d) = -d - 5. Let u be n(-4). Calculate x(u).
0
Suppose 2*y + 15 = 7*y. Let d be (-6)/y + -2 - -2. Let t(z) = 3*z**2 + 2*z - 2. Give t(d).
6
Let r(f) = 2*f + 5. Let a(l) = 1 - 7 - l - 1. Let p be a(-8). Let g(n) = -4*n**3 - n**2 - n + 1. Let c be g(p). Calculate r(c).
-5
Let w(x) be the first derivative of x**4/4 + 2*x**3/3 - x - 2. Let j = 12 + -13. Determine w(j).
0
Let n be 2 + -1 - (-1 - 2). Suppose c + n = -y - 2*y, 2*c + 6 = -5*y. Let j(i) be the third derivative of i**5/60 - i**2. Calculate j(c).
4
Let m(y) = -22 + 0*y + 19 + 2*y. What is m(7)?
11
Let n be (-9 + 1)*1/(-2). Let y be (-6)/n*-1*2. Let q(m) = -3*m**3 - 4 + m + 2*m**y + 5. What is q(-1)?
1
Let k(l) = -3*l - 12. Let o be k(-5). Let h(m) = -m - 2. Calculate h(o).
-5
Let j(k) be the second derivative of k**4/12 + 5*k**3/6 + k**2 + 27*k. What is j(-6)?
8
Suppose -3*k + 12 = 3*h - 6*k, -2*k + 2 = 0. Let j(m) = 6*m**3 - m**3 - m + m**2 - 2*m**2 + h*m**3. Calculate j(-1).
-10
Suppose 3*p = -5*h + 26, -19 = -3*h - 4*p + 1. Let s(j) be the third derivative of j**2 + 0 + 2/3*j**3 + 0*j - 1/24*j**4. Determine s(h).
0
Let k(l) = -l**3 + l**2 + 4*l - 3. Let r(b) = 2*b - 4. Let t be r(3). Suppose -5*n = f - 21, t*f - 3*f = -5*n + 19. Let g be -2 + f + (0 - -3). Calculate k(g).
1
Let p(r) = 2*r - 13. Let t be p(11). Let s = t + -6. Let c(k) = -k + 4. Calculate c(s).
1
Let c(k) = -3*k**3 - k**2. Let j(y) = -y**3 + y**2 - y + 3. Let z be j(0). Suppose z*v = 7*v - 8. Suppose -v = -l - 1. Determine c(l).
-4
Let k(u) = u - 8. Let v = 19 - 13. Give k(v).
-2
Let t(p) = p**2 - 5*p - 3. Let c be t(6). Suppose 0 = x + 7 - c. Let s(w) = -w + 1. Determine s(x).
5
Let f(p) = p**2 - 2*p - 6. Let x(g) = -2*g + 7. Let h be x(1). Calculate f(h).
9
Let b(c) = 131 + 3*c - 4*c - 142. What is b(-8)?
-3
Let b(l) be the second derivative of -l**6/180 - l**5/40 + l**4/6 - 2*l. Let s(q) be the third derivative of b(q). Let v be 1 - 2 - (1 - -1). Calculate s(v).
9
Suppose -z + 28 = 2. Suppose -f - 8*h - 10 = -3*h, -4*f + 2*h = -z. Let r(v) = -v - 1. Determine r(f).
-6
Let k(z) be the second derivative of -z**5/20 - z**4/12 + 2*z**3/3 - z**2/2 - 3*z. Let p be (18/(-15))/(4/10). What is k(p)?
5
Let d(v) = -v**2 + 3*v - 1. Let m = 0 - 3. Let n(z) = -z - 1. Let x(a) = m*n(a) + d(a). Give x(4).
10
Let c(j) = -j**3 + 2*j**2 + 2*j + 1. Let m be 0/(-1) + 8 + 20/(-4). What is c(m)?
-2
Let t(w) = -4*w + 6. Let y(z) = 4*z - 5. Let s(r) = 2*t(r) + 3*y(r). Give s(2).
5
Let t(r) = -13*r - 2. Let z(m) = -7*m + 5. Let s(v) = -8*v + 4. Let o(a) = 6*s(a) - 5*z(a). Let y(w) = -3*o(w) + 2*t(w). Give y(1).
12
Suppose 6*a = 4*a + 2. Let p(c) = c**2 - c. Determine p(a).
0
Suppose -5*p = 4*q - 55, -2*p - 11 = 4*q - 45. Let j(z) = -z + 7. Calculate j(p).
0
Let s = -208199/120 + 1735. Let m(x) be the third derivative of 0 + s*x**6 - 5/6*x**3 - x**2 + 0*x - 1/24*x**4 - 1/20*x**5. Calculate m(4).
7
Let r(a) = 3*a**2 - 1. Let z = 17 - 19. What is r(z)?
11
Let z(k) = k + 2. Let j(c) = -2*c**2 + 2*c. Let s be j(2). Give z(s).
-2
Let a(s) = s**2 - 7*s + 5. Let g be (-8)/12 + 4/6. Let t = g + 1. Let n = t + 4. Give a(n).
-5
Suppose 3*c + 123 = 5*y + 311, -2*y - 96 = 4*c. Let d be ((-1)/2)/(1/y). Suppose 0 = 5*z, 2*w + z = -2*w + d. Let m(i) = -i**2 + 5*i + 6. Determine m(w).
6
Let l(u) = -u + 7. Let o be l(6). Let x(r) = -8*r**2 - r. What is x(o)?
-9
Let u be (8/6)/((-4)/12). Let f(s) = -6*s - 10. Let x(n) = -4*n - 7. Let h(i) = 5*f(i) - 8*x(i). Calculate h(u).
-2
Suppose s + n = -s + 17, 4*s - 44 = -4*n. Let p(z) = 3*z - s*z**2 - 6 + 4*z**2 + 10 - z**3. What is p(-3)?
4
Let m(u) = 7*u + 5. Let x(f) = 3*f + 2. Let a(n) = 2*m(n) - 5*x(n). Let r = -27 + 29. What is a(r)?
-2
Let i(d) = -d**2 + 6*d - 1. Let m(g) be the first derivative of -g**2/2 + 7*g + 2. Let s be m(3). Suppose -2*c + s = -6. Calculate i(c).
4
Let r(y) be the first derivative of 15*y**2/2 + 8. Calculate r(1).
15
Let k(f) be the second derivative of -f**5/20 + f**4/12 + f**3/2 + f**2 - 28*f. What is k(3)?
-7
Let o(r) be the second derivative of -r**3/3 + 3*r**2 - 6*r. Give o(6).
-6
Suppose -10 - 2 = 2*s. Let j be 6*(s/(-4) - 1). Suppose 2 + 25 = j*x + 5*f, -x + 3*f = 5. Let v(z) = -z. Calculate v(x).
-4
Let v be (13/(-3) - -4)*0. Let k(m) = -5*m**2 + v*m**2 + 3*m**2 + 1. What is k(-1)?
-1
Let l(w) be the third derivative of -w**6/120 + w**5/15 + 5*w**4/24 - w**3/6 + w**2. Suppose 3*h + 3*f - 3 = 0, 2*f + f + 12 = 0. Give l(h).
-1
Let k(s) = 4*s**3 - 7*s**2 - 3*s + 4. Let q(l) = 3*l**3 - 6*l**2 - 2*l + 3. Let b(z) = 2*k(z) - 3*q(z). Let h be b(4). Let x(j) = -10*j - 1. Give x(h).
9
Let n(q) = -19*q + 5 - 2 + 17*q + 4. Calculate n(6).
-5
Let d(u) = 5*u**3 - u**2 + u + 1. Let g be (-21)/(-2) - 2/(-4). Suppose 4*n = 2*p + 10, -5*p + 3*n - g = -0*p. Give d(p).
-6
Suppose 0*n - n + 3*q = -15, 4*n + 25 = -5*q. Let w(d) = d + 6. Determine w(n).
6
Suppose -2 = 4*y - 4*x + 18, 0 = -2*y - 5*x - 3. Suppose z - 6 = p, -5*z - 10 = -3*p - 30. Let w = z + y. Let o(q) = -4*q - 4. Calculate o(w).
8
Suppose -2 + 10 = 2*f. Let y be 1/f + (-63)/28. Let s(m) = 4*m + 2. What is s(y)?
-6
Let s(t) be the second derivative of t**5/20 - t**4/2 - 7*t**3/6 + 5*t**2 + 19*t. What is s(7)?
10
Let p(i) = 17 + i + 2*i - i**2 - 17. What is p(4)?
-4
Let m be ((-4)/4)/((-3)/9). Let y(x) = x**2 - 2*x + 3. Calculate y(m).
6
Suppose 2*u + 2*d = -0*d - 8, -2*u - 4*d = 12. Let w = u + 7. Let a(c) = -c - 5. Calculate a(w).
-10
Suppose -3*v + 3 = -3. Let j(b) = -3*b**2 - 2*b + b**v + 0*b**2 - 1. Give j(-1).
-1
Suppose 3*m - 13 = 2. Let d(h) be the first derivative of -h**3/3 + 3*h**2/2 - 16. Give d(m).
-10
Let q(d) = -d + 2. Let i = -12 + 6. Determine q(i).
8
Let q(a) = a**3 + 2*a**2 + 3*a + 3. Let i be q(-2). Let f be 2 + i - (2 + 1). Let v(r) = -6*r + 1. Let h(m) = -5*m. Let k(j) = -4*h(j) + 3*v(j). What is k(f)?
-5
Let x = 0 - 0. Let u(r) = 2*r**3 + 2*r**2 + 3*r + 9. Let a(c) = -3*c**3 - 3*c**2 - 5*c - 13. Let n(g) = -5*a(g) - 8*u(g). Calculate n(x).
-7
Let z(i) = 12*i - 3. Let n(k) = -61*k + 16. Let r = 0 - -11. Let v(s) = r*z(s) + 2*n(s). Suppose 3 = w - 2*o, -3*w + w - 4*o = 2. What is v(w)?
9
Let u(c) be the first derivative of -c**4/4 + 4*c**3/3 + 5*c**2/2 - 6*c + 1. Let m = -64 - -69. What is u(m)?
-6
Let h(a) = 2 - 2*a - 5*a + a + a**2. Let b(m) = m**2 - 5*m + 5. Let y be b(4). Let u be (-22)/(-8) - y/(-4). Give h(u).
-7
Let t(c) = 2*c**2 - 5*c**2 - 4 + 3 - c + 2*c**2 + c**3. Let v be 0 - (0 - -6)/(-3). What is t(v)?
1
Suppose -4*r - 10 = 3*t - 54, 2*r = 2*t + 36. Let v = r - 19. Let u(k) = k**3 + 5*k**2 + k - 4. Calculate u(v).
-9
Suppose -d - 5 = 4*q, 0*d + 4*d - 40 = 4*q. Let p(t) be the second derivative of t**5/20 - 2*t**4/3 + 7*t**3/6 + 3*t**2 + 2*t. What is p(d)?
6
Let g(f) be the third derivative of -f**6/120 - f**5/12 - f**4/24 - f**3/2 + 32*f**2. Let a be 16/(-2)*3/6. Determine g(a).
-15
Let r(u) = 3*u + 1. Let w(j) = 4*j + 2. Let q(s) = 3*r(s) - 2*w(s). What is q(0)?
-1
Let d(m) = 23*m - 24*m**2 - 12*m - 12*m - 7*m**2. Calculate d(-1).
-30
Let m(j) = j**3 - j**2 + 1. Let o = -9 - -12. Suppose -2*d + 4*g + 2 = 0, o*d - 1 - 2 = 4*g. Give m(d).
1
Suppose -4*b + 4*n + 5 = -23, -3 = 3*n. Suppose b = -3*y - 9. Let s(a) = -3 - 3 + 1 - 2*a. What is s(y)?
5
Let z be -4 - (-1 + -1) - -4. Suppose -6*a + z*a + 16 = 0. Let v(h) = h**2 - 5*h + 4. Determine v(a).
0
Let j(d) = -d**3 + 3*d**2 + 3*d - 3. Let t be j(2). Let v(y) = y**2 - 5*y - 7. What is v